).
-1
3 - -3 - ((-9 - -7) + 6)
2
Evaluate -2 + 4 + -18 + 17.
1
Calculate -3 - (4 + -10 - -9).
-6
What is -3 + 2 - (1 - 5)?
3
What is -1 + -1 - (24 + -27)?
1
What is the value of 3 - 3 - -3 - 2?
1
What is the value of 2 + -38 + 12 + 13?
-11
Calculate -2 - (0 + 0 + -2 - -4).
-4
What is -4 - (3 + (-3 - 5) + 6)?
-5
Calculate -11 + 7 - -2 - -7.
5
What is 0 + 2 - 6 - (-7 - -1)?
2
What is the value of -3 - ((-2 - 7) + (-8 - -14))?
0
Evaluate 3 + (-3 - -4) - 2.
2
Evaluate 0 - 1 - (2 - -1 - 5).
1
-2 + 8 + -7 + 7 + -4
2
What is the value of -5 - ((4 - 7) + -8)?
6
What is the value of -41 + 40 - (1 - 1)?
-1
Evaluate -2 + (0 - (1 - -2)) + 4.
-1
Calculate -12 + 17 - (4 - -1).
0
What is -3 + -6 + 9 - 6?
-6
What is the value of 4 - ((6 - 5) + -1)?
4
Calculate 22 + 2 + -10 - 14.
0
(3 - -2) + -1 + 0
4
What is (-5 - -5) + -4 + (3 - 2)?
-3
What is the value of 2 + -2 + -5 + 1 - -1?
-3
Calculate (12 - 6) + 0 + -4.
2
What is -13 + 3 + -3 + (-27 - -33)?
-7
5 + -1 + (4 - 0) + -13
-5
What is the value of 5 - (12 + -7) - 3?
-3
What is the value of 2 - (3 - (-5 - -4))?
-2
Calculate (12 - -2) + -12 - (3 - 2).
1
-1 + (5 - 3) + -1 + 4
4
16 + -22 - (0 - 9)
3
Evaluate 4 - (0 + 6) - -2.
0
What is -2 + 4 + (-1 - -1) + 0?
2
Calculate (-10 - -1) + 6 + -2 + 5.
0
23 + (3 - 8) - 11
7
Evaluate -12 - -1 - (-14 - -13).
-10
1 + 0 + -4 + 2 + 3
2
Calculate -4 - (-12 + 11 - (-2 + -3)).
-8
What is 6 + 1 + (-69 - -69)?
7
Evaluate -3 - (-4 + (-3 - -5) + -1).
0
What is the value of 2 + (1 - -8) - (0 + 4)?
7
What is -14 + (-9 - -18 - -2)?
-3
Calculate -4 + 0 + 3 - (-4 + -1).
4
Evaluate -10 + 10 - -3 - (-1 - 2).
6
(-3 - -1) + (24 - 20)
2
Evaluate 14 + -24 + 13 - 5.
-2
Evaluate (2 - 1) + 8 + -9.
0
Calculate (1 - 1) + (-8 - -2) - -4.
-2
(44 - 40) + (-2 - 0)
2
What is 0 + 1 - (2 + 0 - -1)?
-2
Calculate -1 + (1 - 0 - (2 - 6)).
4
Evaluate 8 + -6 - (4 + 0 + -3).
1
What is (-1 + -1 - 1) + -154 + 152?
-5
What is 0 - -9 - (3 + 2)?
4
Calculate (-8 - (7 - 7)) + 7.
-1
What is the value of 2 + (-3 - 11 - -6)?
-6
Evaluate 10 + 7 + -15 + -2 + -4.
-4
5 + (-6 - -6) + (-14 - -3)
-6
Evaluate 1 + -7 - (6 + -4 + -6).
-2
What is (1 - (3 + 0)) + (-82 - -77)?
-7
Calculate (-1 - (1 - 6)) + (15 - 18).
1
What is 8 - 11 - (-5 - -1)?
1
What is 0 + (-9 - -5) + 5?
1
What is 5 + (0 - 13) - -6?
-2
What is the value of 3 + 5 + 5 + -19 + 13?
7
Evaluate 3 + 2 + (10 + -6 - 2).
7
Evaluate 2 + -4 + (8 - (2 - -1)).
3
What is -1 + (-2 + -1 - 1)?
-5
What is the value of (4 - -2 - 10) + 3?
-1
What is the value of 3 + -6 - (-7 - 8 - -4)?
8
Evaluate 14 - ((9 - -8) + -11).
8
What is the value of 1 - 1 - (18 + -19)?
1
What is the value of (-16 - -16) + 2 + 3?
5
What is -1 + 3 + (14 - (25 - 11))?
2
-4 + 1 + 1 + -20 + 15
-7
What is -2 + -1 - (3 + -14 - -7)?
1
(7 - 4) + (-6 - -2)
-1
What is 7 + (-10 - -5) + -1?
1
What is the value of 4 + (0 - 4) - 0?
0
What is the value of (14 - 6 - 18) + 3?
-7
What is -1 + (4 - 1) + -7?
-5
What is 2 + -8 - (-3 + 1 + -7)?
3
Evaluate 6 - 5 - ((-2 - 1) + 5).
-1
What is the value of 0 - (-1 + 0 + 1)?
0
What is the value of 6 + (-1 + -1 - 0) + 1?
5
Evaluate 8 - (-6 - -2 - -5).
7
What is 11 - (-1 + -4 + 7 - -2)?
7
What is -2 + 4 + -14 + 13?
1
0 - (4 - 3) - (3 + -2)
-2
What is the value of -3 + (0 - -1 - (-8 - -5))?
1
Calculate 7 + (-3 - -10) + -11 + -1.
2
5 - (-8 - (-4 - 3))
6
Evaluate (20 - 6 - 1) + -4 - 3.
6
-7 + 13 - 5 - 6
-5
Evaluate 2 + 2 + (0 + -9 - -4).
-1
(-11 - 8) + 6 + 15
2
Evaluate -3 - (6 + (-3 - 4)).
-2
What is -1 - -2 - (-10 - -8 - -2)?
1
What is the value of 9 + (-3 - 1) + 0?
5
What is the value of -3 + -1 + -55 + 59?
0
What is the value of -4 - (-6 - -4 - (3 + 1))?
2
What is the value of -8 + (-10 - -12) + 10?
4
What is (-2 - 4) + 17 + -5 + -7?
-1
What is the value of -15 + 7 + (9 - (2 - 2))?
1
Evaluate 5 + (-48 - -55) + (2 - 23).
-9
Calculate -4 + -2 + 3 - -2.
-1
Evaluate -1 + 2 + (-6 - (-13 + 3)).
5
5 - 7 - (2 + -2 + 1)
-3
What is (1 + -4 - -3) + 6 + 0?
6
Evaluate (3 - 2) + 2 + (-5 - -7).
5
What is the value of 3 + -7 - (-1 - -1)?
-4
What is 5 + -1 + -36 + 22 + 12?
2
What is the value of (0 - -1) + 13 + (-14 - 5)?
-5
Calculate (-6 - -6) + 5 + -2.
3
What is (9 - 15) + 7 + (7 - 2)?
6
What is -2 + 2 + 2 - (-16 - -23)?
-5
(-3 + 4 + -2 - -4) + 2
5
What is -7 + 6 + -11 + 11?
-1
What is 5 + (48 - 42) + (0 - 6)?
5
What is 5 - (1 + (3 - -1))?
0
Evaluate (147 - 143) + (-8 - -1).
-3
-1 - (-5 + 8 - 4)
0
Calculate (6 - (9 + -2)) + 10.
9
Evaluate -1 + 4 - (0 + 13).
-10
Evaluate (6 - -3) + (-6 - (-2 - -1)).
4
What is the value of 3 + 1 - (-5 + 14 - 3)?
-2
Evaluate (9 - (9 - 4)) + -3 + 1.
2
-2 + 1 + -4 + 1
-4
Evaluate 2 - 1 - (-1 + 2 + -5).
5
What is the value of (-8 + 4 - -1) + (0 - -2)?
-1
Evaluate (-1 - 3 - -4) + 1 + -5.
-4
-11 + (-7 - -9) + 5 - 4
-8
What is -5 + (6 - 5) + (4 - 1)?
-1
-10 + (-5 - -11) + 4
0
What is the value of 5 + (0 - 1 - -1)?
5
What is 4 + -4 - 4 - (-6 - -12)?
-10
Calculate -6 - (-5 - -3) - 0.
-4
-7 + (5 + 3 - 3)
-2
What is the value of (5 - 6) + 7 - (5 - -1)?
0
Evaluate (9 - 9) + -7 + 7.
0
What is (2 - (2 - 3)) + (1 - 0)?
4
Evaluate -5 - -2 - (-3 + (-3 - -4)).
-1
What is the value of 0 - 7 - (3 - 9)?
-1
What is -3 + 3 + (-3 - 2)?
-5
Evaluate -6 + (-1 - (-6 - -4)).
-5
Evaluate 2 - ((0 - 0) + 5).
-3
-6 - (2 - ((4 - -5) + -5))
-4
18 + -12 - (2 + 0)
4
Evaluate -7 + -3 + 8 - -7.
5
What is -2 + 1 + 2 - 4?
-3
Evaluate 0 + 3 + (3 + -6 - 0).
0
Evaluate -4 + -2 + 3 + (5 - 3).
-1
What is the value of -8 - (0 + (0 - (4 + -2)))?
-6
Calculate (-9 - (10 + -15)) + 6.
2
Evaluate -4 + (-2 - 2) + 3.
-5
-7 - (-1 + (3 - (3 - -1)))
-5
What is -4 - 0 - (-13 - (-6 + 1))?
4
What is (-6 - -2) + 7 - (-21 - -28)?
-4
What is the value of 2 - (5 + -13 + 9)?
1
What is 8 - (18 + -8 + -8)?
6
What is the value of 16 + (10 - 21) + 1?
6
What is the value of -3 - (-5 + 3 + (1 - 1))?
-1
What is the value of 17 - (-10 - -21) - (0 - 0)?
6
What is (-7 - -3) + 1 + 1?
-2
Calculate (-11 + -1 - -3) + -1 + 5.
-5
Evaluate 17 + -12 - -1 - 3.
3
Evaluate (-8 - -4) + 14 - (-22 + 26).
6
What is the value of (-6 - -5) + 5 + -3 + 1?
2
Evaluate (-2 - -1) + -12 - (-54 - -49).
-8
Calculate -8 + (1 + -5 - -8).
-4
Calculate -9 - -15 - (1 + 4 + 0).
1
Evaluate 9 - (-5 + (5 - (-9 - -4))).
4
What is the value of 7 - (14 - -8 - 9)?
-6
Calculate 3 + (0 - 2) + -4 + -1.
-4
1 + 2 + -2 - 1
0
What is -10 + 1 - (-2 + (-1 - 1))?
-5
What is the value of 4 - (-3 - 0) - (-18 + 18)?
7
Evaluate (-2 - -11) + 9 + -14.
4
-312 + 308 - (1 - (-2 + 7))
0
3 + (-4 - (-1 + 3 + 1))
-4
Calculate -2 + 13 + -7 - 5.
-1
What is the value of 6 + (2 - 0 - (3 - -2))?
3
What is the value of (7 + -12 - -9) + -11?
-7
Calculate -3 + 2 + (0 - (-5 - -2)).
2
What is -3 + (3 - (-1 - 8) - 5)?
4
What is 2 + 5 + -3 + (-3 - 0)?
1
Calculate 7 + 6 + (0 - 6) + 0.
7
Calculate 5 - ((-8 - -24) + -7).
-4
Evaluate 7 + (-9 - (-2 - 6)).
6
Evaluate 5 - (4 + -1 - 3).
5
Calculate -5 + 5 + -4 + 3.
-1
Calculate 7 - (4 - (-6 + 5)).
2
-3 + 3 - (-4 + (2 - -1))
1
Calculate 12 + -16 - (-9 + (3 - -2)).
0
Calculate 19 + -16 - (0 - (0 - 0)).
3
1 + (-8 - -3) + 9
5
What is -14 - -10 - (-1 + -3 + 0)?
0
Evaluate 2 + (6 - -3 - 8).
3
What is -8 + 18 - 9 - 6?
-5
Evaluate -10 - (-2 - (12 - 7)).
-3
What is the value of 8 + -10 + 3 + (6 - 0)?
7
-8 + (2 + 2 - 1)
-5
Evaluate 4 - (-5 - -5 - -4 - 0).
0
Evaluate 3 + -1 + (0 - (5 - 6)).
3
Evaluate (-1 - -1) + 9 + 5 + -10.
4
(-13 - -12) + (0 - -1 - 3)
-3
Evaluate 2 + -10 - (15 - 20) - 1.
-4
Calculate -6 - -8 - -9 - 7.
4
What is -3 - (9 + 0 - 12)?
0
(10 - 1 - 2) + 14 + -19
2
Calculate -1 + -1 + (-1 - -6).
3
What is the value of (-2 - 0) + (0 - -7)?
5
What is the value of -1 + -15 - (-20 + (13 - 0))?
-9
What is 9 - ((-11 - -8) + 16)?
-4
What is 0 - ((5 - -2) + -6)?
-1
What is (17 - 14) + (2 - (1 - 0))?
4
(-27 - -31) + -1 + -1
2
Calculate (9 - 4) + 7 + -8.
4
What is (50 - 40) + -8 + 2?
4
Evaluate 8 + -8 - (4 + -1).
-3
Evaluate 0 - (-3 + 2) - 5 - -1.
-3
What is -3 + (3 - (9 + -1) - -3)?
-5
Evaluate -36 - -30 - (-1 + -4 - -2).
-3
(6 - -1) + 60 + -65
2
-10 + (6 - (-1 + -5 + 6))
-4
Calculate -2 + (8 - 1 - 1) - 1.
3
Evaluate -9 - (-5 - (-3 + 10)).
3
What is -13 + 16 + -7 + 0?
-4
Evaluate 2 - (5 + (6 - 13)) - 1.
3
Evaluate -2 - 5 - (-3 - -1).
-5
Calculate (-8 - 14) + 11 - -21.
10
Evaluate (1 - -1) + (-1 - -3 - 4).
0
What is 6 + -3 + (-2 - -3) + -3?
1
Evaluate (-10 - (1 - (0 + 8))) + 1.
-